{"id":25,"date":"2018-10-04T07:24:05","date_gmt":"2018-10-04T05:24:05","guid":{"rendered":"http:\/\/new.karmar.com.pl\/?page_id=25"},"modified":"2026-03-10T12:01:15","modified_gmt":"2026-03-10T11:01:15","slug":"poznaj-karmar","status":"publish","type":"page","link":"https:\/\/karmar.com.pl\/?page_id=25","title":{"rendered":"Poznaj KARMAR"},"content":{"rendered":"<h3>POTRAFIMY ZAPROJEKTOWA\u0106<br \/>\nI ZBUDOWA\u0106 NOWOCZESNE MIASTO<br \/>\nZ KOMPLETN\u0104 INFRASTRUKTUR\u0104<\/h3>\n<p>Za\u0142o\u017cony w 1991 roku w Warszawie KARMAR od 2007 roku dzia\u0142a w ramach mi\u0119dzynarodowej <a href=\"https:\/\/www.bouygues.com\/en\/\">Grupy Bouygues<\/a> z powodzeniem realizuj\u0105c obiekty kubaturowe, infrastrukturalne oraz przemys\u0142owe. Dzia\u0142aj\u0105c w europejskich strukturach <a href=\"https:\/\/www.bouygues-construction.com\/en\">Bouygues Construction<\/a>, dysponujemy specjalistyczn\u0105 wiedz\u0105 i mamy dost\u0119p do najnowszych rozwi\u0105za\u0144 technologicznych popartych bogatym do\u015bwiadczeniem grupy, na kt\u00f3re sk\u0142adaj\u0105 si\u0119 setki imponuj\u0105cych projekt\u00f3w zrealizowanych na ca\u0142ym \u015bwiecie.<\/p>\n<p>Stale podnosimy jako\u015b\u0107 us\u0142ug dla sektora publicznego i prywatnego. \u0141\u0105czymy \u015bwiatowe standardy z lokalnymi cenami, wsp\u00f3\u0142pracuj\u0105c z polskimi dostawcami i podwykonawcami.<\/p>\n<p><strong>Karmar S.A. posiada cztery \u015awiadectwa Bezpiecze\u0144stwa Przemys\u0142owego III stopnia do klauzul: Tajne, NATO\/UE\/ESA Secret.<\/strong><\/p>\n<p>Firma posiada r\u00f3wnie\u017c system przetwarzania informacji niejawnych krajowych oraz mi\u0119dzynarodowych o klauzuli Zastrze\u017cone, NATO\/UE Restricted.<\/p>\n<p>Posiadamy pe\u0142ne zaplecze kadrowe i techniczne do ochrony informacji niejawnych. Nasz zesp\u00f3\u0142 dysponuje po\u015bwiadczeniami bezpiecze\u0144stwa ABW oraz uprawnieniami do pracy z dokumentami o klauzuli \u201eZastrze\u017cone\u201d i NATO\/UE Restricted.<\/p>\n","protected":false},"excerpt":{"rendered":"<p>POTRAFIMY ZAPROJEKTOWA\u0106 I ZBUDOWA\u0106 NOWOCZESNE MIASTO Z KOMPLETN\u0104 INFRASTRUKTUR\u0104 Za\u0142o\u017cony w 1991 roku w Warszawie KARMAR od 2007 roku dzia\u0142a w ramach mi\u0119dzynarodowej Grupy Bouygues z powodzeniem realizuj\u0105c obiekty kubaturowe, infrastrukturalne oraz przemys\u0142owe. Dzia\u0142aj\u0105c w europejskich strukturach Bouygues Construction, dysponujemy specjalistyczn\u0105 wiedz\u0105 i mamy dost\u0119p do najnowszych rozwi\u0105za\u0144 technologicznych popartych bogatym do\u015bwiadczeniem grupy, na kt\u00f3re [&hellip;]<\/p>\n","protected":false},"author":5,"featured_media":350,"parent":7,"menu_order":1,"comment_status":"closed","ping_status":"closed","template":"","meta":[],"class_list":["post-25","page","type-page","status-publish","has-post-thumbnail","hentry"],"_links":{"self":[{"href":"https:\/\/karmar.com.pl\/index.php?rest_route=\/wp\/v2\/pages\/25","targetHints":{"allow":["GET"]}}],"collection":[{"href":"https:\/\/karmar.com.pl\/index.php?rest_route=\/wp\/v2\/pages"}],"about":[{"href":"https:\/\/karmar.com.pl\/index.php?rest_route=\/wp\/v2\/types\/page"}],"author":[{"embeddable":true,"href":"https:\/\/karmar.com.pl\/index.php?rest_route=\/wp\/v2\/users\/5"}],"replies":[{"embeddable":true,"href":"https:\/\/karmar.com.pl\/index.php?rest_route=%2Fwp%2Fv2%2Fcomments&post=25"}],"version-history":[{"count":11,"href":"https:\/\/karmar.com.pl\/index.php?rest_route=\/wp\/v2\/pages\/25\/revisions"}],"predecessor-version":[{"id":1350,"href":"https:\/\/karmar.com.pl\/index.php?rest_route=\/wp\/v2\/pages\/25\/revisions\/1350"}],"up":[{"embeddable":true,"href":"https:\/\/karmar.com.pl\/index.php?rest_route=\/wp\/v2\/pages\/7"}],"wp:featuredmedia":[{"embeddable":true,"href":"https:\/\/karmar.com.pl\/index.php?rest_route=\/wp\/v2\/media\/350"}],"wp:attachment":[{"href":"https:\/\/karmar.com.pl\/index.php?rest_route=%2Fwp%2Fv2%2Fmedia&parent=25"}],"curies":[{"name":"wp","href":"https:\/\/api.w.org\/{rel}","templated":true}]}}